Dec 02 00:01:29.418 INFO testing atsushi130/tabelog-searcher against master#8940af3cea4a9a9deabcaf843b2f8cad9a83fc61 for beta-1.31-5
Dec 02 00:01:29.419 INFO running `"docker" "create" "-v" "/mnt/big/crater/work/local/target-dirs/beta-1.31-5/worker-5/master#8940af3cea4a9a9deabcaf843b2f8cad9a83fc61:/target:rw,Z" "-v" "/mnt/big/crater/work/local/test-source/worker-5/beta-1.31-5/master#8940af3cea4a9a9deabcaf843b2f8cad9a83fc61:/source:ro,Z" "-v" "/mnt/big/crater/work/local/cargo-home:/cargo-home:ro,Z" "-v" "/mnt/big/crater/work/local/rustup-home:/rustup-home:ro,Z" "-e" "USER_ID=1000" "-e" "SOURCE_DIR=/source" "-e" "USER_ID=1000" "-e" "CMD=cargo +8940af3cea4a9a9deabcaf843b2f8cad9a83fc61-alt build --frozen" "-e" "CARGO_TARGET_DIR=/target" "-e" "CARGO_INCREMENTAL=0" "-e" "RUST_BACKTRACE=full" "-e" "RUSTFLAGS=--cap-lints=warn" "-e" "CARGO_HOME=/cargo-home" "-e" "RUSTUP_HOME=/rustup-home" "-m" "1536M" "--network" "none" "crater"`
Dec 02 00:01:29.702 INFO [stdout] 899003d2b3f06dbeb9120bf78f5e82d05da681cf6ead480bf475a9331f7bcabc
Dec 02 00:01:29.706 INFO running `"docker" "start" "-a" "899003d2b3f06dbeb9120bf78f5e82d05da681cf6ead480bf475a9331f7bcabc"`
Dec 02 00:01:30.472 INFO [stderr] usermod: no changes
Dec 02 00:01:30.595 INFO [stderr]    Compiling hyper-native-tls v0.2.4
Dec 02 00:01:32.331 INFO [stderr]    Compiling tabelog_searcher v0.1.0 (/source)
Dec 02 00:01:35.147 INFO [stderr]     Finished dev [unoptimized + debuginfo] target(s) in 4.66s
Dec 02 00:01:35.175 INFO [stderr] su: No module specific data is present
Dec 02 00:01:36.039 INFO running `"docker" "inspect" "899003d2b3f06dbeb9120bf78f5e82d05da681cf6ead480bf475a9331f7bcabc"`
Dec 02 00:01:36.448 INFO running `"docker" "rm" "-f" "899003d2b3f06dbeb9120bf78f5e82d05da681cf6ead480bf475a9331f7bcabc"`
Dec 02 00:01:36.654 INFO [stdout] 899003d2b3f06dbeb9120bf78f5e82d05da681cf6ead480bf475a9331f7bcabc
Dec 02 00:01:36.661 INFO running `"docker" "create" "-v" "/mnt/big/crater/work/local/target-dirs/beta-1.31-5/worker-5/master#8940af3cea4a9a9deabcaf843b2f8cad9a83fc61:/target:rw,Z" "-v" "/mnt/big/crater/work/local/test-source/worker-5/beta-1.31-5/master#8940af3cea4a9a9deabcaf843b2f8cad9a83fc61:/source:ro,Z" "-v" "/mnt/big/crater/work/local/cargo-home:/cargo-home:ro,Z" "-v" "/mnt/big/crater/work/local/rustup-home:/rustup-home:ro,Z" "-e" "USER_ID=1000" "-e" "SOURCE_DIR=/source" "-e" "USER_ID=1000" "-e" "CMD=cargo +8940af3cea4a9a9deabcaf843b2f8cad9a83fc61-alt test --frozen --no-run" "-e" "CARGO_TARGET_DIR=/target" "-e" "CARGO_INCREMENTAL=0" "-e" "RUST_BACKTRACE=full" "-e" "RUSTFLAGS=--cap-lints=warn" "-e" "CARGO_HOME=/cargo-home" "-e" "RUSTUP_HOME=/rustup-home" "-m" "1536M" "--network" "none" "crater"`
Dec 02 00:01:37.119 INFO [stdout] fd76dc423aa134b8b9ac7df3cd80312daf90f2e1d6bbce6397f707714e00e17d
Dec 02 00:01:37.124 INFO running `"docker" "start" "-a" "fd76dc423aa134b8b9ac7df3cd80312daf90f2e1d6bbce6397f707714e00e17d"`
Dec 02 00:01:38.259 INFO [stderr] usermod: no changes
Dec 02 00:01:38.402 INFO [stderr]    Compiling tabelog_searcher v0.1.0 (/source)
Dec 02 00:01:43.479 INFO [stderr]     Finished dev [unoptimized + debuginfo] target(s) in 5.19s
Dec 02 00:01:43.488 INFO [stderr] su: No module specific data is present
Dec 02 00:01:43.924 INFO running `"docker" "inspect" "fd76dc423aa134b8b9ac7df3cd80312daf90f2e1d6bbce6397f707714e00e17d"`
Dec 02 00:01:44.024 INFO running `"docker" "rm" "-f" "fd76dc423aa134b8b9ac7df3cd80312daf90f2e1d6bbce6397f707714e00e17d"`
Dec 02 00:01:44.163 INFO [stdout] fd76dc423aa134b8b9ac7df3cd80312daf90f2e1d6bbce6397f707714e00e17d
Dec 02 00:01:44.169 INFO running `"docker" "create" "-v" "/mnt/big/crater/work/local/target-dirs/beta-1.31-5/worker-5/master#8940af3cea4a9a9deabcaf843b2f8cad9a83fc61:/target:rw,Z" "-v" "/mnt/big/crater/work/local/test-source/worker-5/beta-1.31-5/master#8940af3cea4a9a9deabcaf843b2f8cad9a83fc61:/source:ro,Z" "-v" "/mnt/big/crater/work/local/cargo-home:/cargo-home:ro,Z" "-v" "/mnt/big/crater/work/local/rustup-home:/rustup-home:ro,Z" "-e" "USER_ID=1000" "-e" "SOURCE_DIR=/source" "-e" "USER_ID=1000" "-e" "CMD=cargo +8940af3cea4a9a9deabcaf843b2f8cad9a83fc61-alt test --frozen" "-e" "CARGO_TARGET_DIR=/target" "-e" "CARGO_INCREMENTAL=0" "-e" "RUST_BACKTRACE=full" "-e" "RUSTFLAGS=--cap-lints=warn" "-e" "CARGO_HOME=/cargo-home" "-e" "RUSTUP_HOME=/rustup-home" "-m" "1536M" "--network" "none" "crater"`
Dec 02 00:01:44.392 INFO [stdout] 95b82f7a08b0c72c6d60ee190eb7f7a697c9780fe40902075c0201edcaeb8928
Dec 02 00:01:44.396 INFO running `"docker" "start" "-a" "95b82f7a08b0c72c6d60ee190eb7f7a697c9780fe40902075c0201edcaeb8928"`
Dec 02 00:01:44.918 INFO [stderr] usermod: no changes
Dec 02 00:01:45.006 INFO [stderr]     Finished dev [unoptimized + debuginfo] target(s) in 0.07s
Dec 02 00:01:45.011 INFO [stderr]      Running /target/debug/deps/tabelog_searcher-79be24305cb06766
Dec 02 00:01:45.014 INFO [stdout] 
Dec 02 00:01:45.014 INFO [stdout] running 0 tests
Dec 02 00:01:45.014 INFO [stdout] 
Dec 02 00:01:45.014 INFO [stdout] test result: ok. 0 passed; 0 failed; 0 ignored; 0 measured; 0 filtered out
Dec 02 00:01:45.014 INFO [stdout] 
Dec 02 00:01:45.014 INFO [stderr]      Running /target/debug/deps/tabelog_searcher-07846fff42720e93
Dec 02 00:01:45.017 INFO [stdout] 
Dec 02 00:01:45.017 INFO [stdout] running 1 test
Dec 02 00:01:45.100 INFO [stdout] test tabelog_searcher_tests::test_tabelog_searcher ... FAILED
Dec 02 00:01:45.100 INFO [stderr] error: test failed, to rerun pass '--test tabelog_searcher'
Dec 02 00:01:45.100 INFO [stdout] 
Dec 02 00:01:45.100 INFO [stdout] failures:
Dec 02 00:01:45.100 INFO [stdout] 
Dec 02 00:01:45.100 INFO [stdout] ---- tabelog_searcher_tests::test_tabelog_searcher stdout ----
Dec 02 00:01:45.100 INFO [stdout] thread 'tabelog_searcher_tests::test_tabelog_searcher' panicked at 'called `Result::unwrap()` on an `Err` value: Io(Custom { kind: Other, error: StringError("failed to lookup address information: Temporary failure in name resolution") })', libcore/result.rs:1009:5
Dec 02 00:01:45.100 INFO [stdout] stack backtrace:
Dec 02 00:01:45.100 INFO [stdout]    0:     0x5643d45b315f - std::sys::unix::backtrace::tracing::imp::unwind_backtrace::h3a8b83e1922cbdde
Dec 02 00:01:45.100 INFO [stdout]                                at libstd/sys/unix/backtrace/tracing/gcc_s.rs:49
Dec 02 00:01:45.100 INFO [stdout]    1:     0x5643d45bc887 - std::sys_common::backtrace::print::h00d3155a29b4020f
Dec 02 00:01:45.100 INFO [stdout]                                at libstd/sys_common/backtrace.rs:71
Dec 02 00:01:45.100 INFO [stdout]                                at libstd/sys_common/backtrace.rs:59
Dec 02 00:01:45.100 INFO [stdout]    2:     0x5643d45b735f - std::panicking::default_hook::{{closure}}::hd7465c742e79e1bb
Dec 02 00:01:45.100 INFO [stdout]                                at libstd/panicking.rs:211
Dec 02 00:01:45.100 INFO [stdout]    3:     0x5643d45b705e - std::panicking::default_hook::h9e3966f2aa2a6e12
Dec 02 00:01:45.100 INFO [stdout]                                at libstd/panicking.rs:221
Dec 02 00:01:45.100 INFO [stdout]    4:     0x5643d45b7a3e - std::panicking::rust_panic_with_hook::h587f091ae747d080
Dec 02 00:01:45.100 INFO [stdout]                                at libstd/panicking.rs:476
Dec 02 00:01:45.100 INFO [stdout]    5:     0x5643d45b75e1 - std::panicking::continue_panic_fmt::hb3a4fdede87f43a8
Dec 02 00:01:45.100 INFO [stdout]                                at libstd/panicking.rs:390
Dec 02 00:01:45.100 INFO [stdout]    6:     0x5643d45b74c5 - rust_begin_unwind
Dec 02 00:01:45.100 INFO [stdout]                                at libstd/panicking.rs:325
Dec 02 00:01:45.100 INFO [stdout]    7:     0x5643d45f88cc - core::panicking::panic_fmt::h6f9cebf5e7474a0b
Dec 02 00:01:45.100 INFO [stdout]                                at libcore/panicking.rs:77
Dec 02 00:01:45.100 INFO [stdout]    8:     0x5643d43c4850 - core::result::unwrap_failed::h19695bd16b5605e5
Dec 02 00:01:45.100 INFO [stdout]                                at libcore/macros.rs:26
Dec 02 00:01:45.100 INFO [stdout]    9:     0x5643d438d1cf - <core::result::Result<T, E>>::unwrap::h1522b20dece9a4ad
Dec 02 00:01:45.100 INFO [stdout]                                at libcore/result.rs:808
Dec 02 00:01:45.100 INFO [stdout]   10:     0x5643d43900ec - tabelog_searcher::tabelog::tabelog_source::TabelogSource::get_source::h84352cc56e507bcc
Dec 02 00:01:45.100 INFO [stdout]                                at src/tabelog/tabelog_source.rs:25
Dec 02 00:01:45.100 INFO [stdout]   11:     0x5643d4386087 - tabelog_searcher::tabelog::tabelog_client::TabelogClient::search::h095b9a27d5f3b719
Dec 02 00:01:45.100 INFO [stdout]                                at src/tabelog/tabelog_client.rs:17
Dec 02 00:01:45.100 INFO [stdout]   12:     0x5643d4341c9a - tabelog_searcher::tabelog_searcher_tests::test_tabelog_searcher::hfcffb10dfbd45162
Dec 02 00:01:45.100 INFO [stdout]                                at tests/tabelog_searcher.rs:18
Dec 02 00:01:45.100 INFO [stdout]   13:     0x5643d4341c19 - tabelog_searcher::tabelog_searcher_tests::test_tabelog_searcher::{{closure}}::hf4fef1d5abb53355
Dec 02 00:01:45.100 INFO [stdout]                                at tests/tabelog_searcher.rs:16
Dec 02 00:01:45.100 INFO [stdout]   14:     0x5643d434227d - core::ops::function::FnOnce::call_once::h0d7e185f0587e55c
Dec 02 00:01:45.100 INFO [stdout]                                at libcore/ops/function.rs:238
Dec 02 00:01:45.100 INFO [stdout]   15:     0x5643d434418e - <F as alloc::boxed::FnBox<A>>::call_box::hac903f91577a156c
Dec 02 00:01:45.100 INFO [stdout]                                at libtest/lib.rs:1468
Dec 02 00:01:45.100 INFO [stdout]                                at libcore/ops/function.rs:238
Dec 02 00:01:45.100 INFO [stdout]                                at liballoc/boxed.rs:672
Dec 02 00:01:45.100 INFO [stdout]   16:     0x5643d45c7839 - __rust_maybe_catch_panic
Dec 02 00:01:45.100 INFO [stdout]                                at libpanic_unwind/lib.rs:102
Dec 02 00:01:45.100 INFO [stdout]   17:     0x5643d4365de2 - std::sys_common::backtrace::__rust_begin_short_backtrace::hb8f0d0309526c184
Dec 02 00:01:45.100 INFO [stdout]                                at libstd/panicking.rs:289
Dec 02 00:01:45.100 INFO [stdout]                                at libstd/panic.rs:392
Dec 02 00:01:45.100 INFO [stdout]                                at libtest/lib.rs:1423
Dec 02 00:01:45.100 INFO [stdout]                                at libstd/sys_common/backtrace.rs:136
Dec 02 00:01:45.101 INFO [stdout]   18:     0x5643d4366894 - std::panicking::try::do_call::hc2f7c8b9a348d8db
Dec 02 00:01:45.101 INFO [stdout]                                at libstd/thread/mod.rs:409
Dec 02 00:01:45.101 INFO [stdout]                                at libstd/panic.rs:313
Dec 02 00:01:45.101 INFO [stdout]                                at libstd/panicking.rs:310
Dec 02 00:01:45.101 INFO [stdout]   19:     0x5643d45c7839 - __rust_maybe_catch_panic
Dec 02 00:01:45.101 INFO [stdout]                                at libpanic_unwind/lib.rs:102
Dec 02 00:01:45.101 INFO [stdout]   20:     0x5643d4353acc - <F as alloc::boxed::FnBox<A>>::call_box::h6bfded618e480b32
Dec 02 00:01:45.101 INFO [stdout]                                at libstd/panicking.rs:289
Dec 02 00:01:45.101 INFO [stdout]                                at libstd/panic.rs:392
Dec 02 00:01:45.101 INFO [stdout]                                at libstd/thread/mod.rs:408
Dec 02 00:01:45.101 INFO [stdout]                                at liballoc/boxed.rs:672
Dec 02 00:01:45.101 INFO [stdout]   21:     0x5643d45b504d - std::sys_common::thread::start_thread::h4c28257d67cdf9cb
Dec 02 00:01:45.101 INFO [stdout]                                at liballoc/boxed.rs:682
Dec 02 00:01:45.101 INFO [stdout]                                at libstd/sys_common/thread.rs:24
Dec 02 00:01:45.101 INFO [stdout]   22:     0x5643d45a8555 - std::sys::unix::thread::Thread::new::thread_start::hfecb2e7eff8fd34f
Dec 02 00:01:45.101 INFO [stdout]                                at libstd/sys/unix/thread.rs:90
Dec 02 00:01:45.101 INFO [stdout]   23:     0x7f0e3f73d6b9 - start_thread
Dec 02 00:01:45.101 INFO [stdout]   24:     0x7f0e3f25d41c - clone
Dec 02 00:01:45.101 INFO [stdout]   25:                0x0 - <unknown>
Dec 02 00:01:45.101 INFO [stdout] 
Dec 02 00:01:45.101 INFO [stdout] 
Dec 02 00:01:45.101 INFO [stdout] failures:
Dec 02 00:01:45.101 INFO [stdout]     tabelog_searcher_tests::test_tabelog_searcher
Dec 02 00:01:45.101 INFO [stdout] 
Dec 02 00:01:45.101 INFO [stdout] test result: FAILED. 0 passed; 1 failed; 0 ignored; 0 measured; 0 filtered out
Dec 02 00:01:45.101 INFO [stdout] 
Dec 02 00:01:45.101 INFO [stderr] su: No module specific data is present
Dec 02 00:01:45.368 INFO running `"docker" "inspect" "95b82f7a08b0c72c6d60ee190eb7f7a697c9780fe40902075c0201edcaeb8928"`
Dec 02 00:01:45.476 INFO running `"docker" "rm" "-f" "95b82f7a08b0c72c6d60ee190eb7f7a697c9780fe40902075c0201edcaeb8928"`
Dec 02 00:01:45.619 INFO [stdout] 95b82f7a08b0c72c6d60ee190eb7f7a697c9780fe40902075c0201edcaeb8928
